{"id":10,"date":"2016-02-05T22:03:02","date_gmt":"2016-02-05T22:03:02","guid":{"rendered":"https:\/\/2016.winnipeg.wordcamp.org\/sponsors\/"},"modified":"2016-05-27T16:25:05","modified_gmt":"2016-05-27T16:25:05","slug":"sponsors","status":"publish","type":"page","link":"https:\/\/winnipeg.wordcamp.org\/2016\/sponsors\/","title":{"rendered":"Sponsors"},"content":{"rendered":"<h2>Our Sponsors<\/h2>\n<p>Thanks to all the below sponsors for making WordCamp Winnipeg happen!<\/p>\n\n\t<div class=\"wcorg-sponsors\">\n\t\t\n\t\t\t<div class=\"wcorg-sponsor-level-bronze\">\n\t\t\t\t<h2>Bronze<\/h2>\n\n\t\t\t\t\n\t\t\t\t\t<div id=\"wcorg-sponsor-25\" class=\"wcorg-sponsor\">\n\t\t\t\t\t\t\t\t\t\t\t\t\t\t\t\t\t\t\t\t\t<h3>\n\t\t\t\t\t\t\t\t\tWPML\t\t\t\t\t\t\t\t<\/h3>\n\t\t\t\t\t\t\t\t\t\t\t\t\t\n\t\t\t\t\t\t<div class=\"wcorg-sponsor-description\">\n\t\t\t\t\t\t\t\t\t\t\t\t\t\t\t\t\t\t\t\t\t\t\n\t\t\t\t\t\t\t\t\t\t\t\t\t\t\t<div>WPML turns WordPress websites multilingual. It works with caching, SEO and E-Commerce plugins, and allows the building of complete multilingual sites. WPML powers simple blogs as well as corporate and enterprise sites.<\/div>\n<div>\n<p>WPML allows users to translate everything in the site, including content, menus, widgets and even theme and plugin texts. WPML powers over 500,000 commercial websites from all over the world.<\/p>\n<p>More information about going multilingual can be found at\u00a0<a href=\"http:\/\/wpml.org\/\" target=\"_blank\" rel=\"nofollow\">WPML.org<\/a><\/p>\n<p>We are looking for talent. If you are a smart programmer you are welcome to contact us here: <a href=\"http:\/\/wpml.org\/home\/were-hiring\/\" target=\"_blank\" rel=\"nofollow\">http:\/\/wpml.org\/home\/were-hiring\/<\/a>.<\/p>\n<hr \/>\n<p>&nbsp;<\/p>\n<p>WPML te permite hacer tu sitio multiling\u00fce.<\/p>\n<p dir=\"ltr\">Al instalarlo podr\u00e1s traducir todo el contenido del sitio, desde entradas, entradas personalizadas y p\u00e1ginas as\u00ed como men\u00faes, widgets y textos del tema y otros plugins.<\/p>\n<p dir=\"ltr\">Es compatible con plugins de caching, SEO, E-Commerce y muchos m\u00e1s.<\/p>\n<p dir=\"ltr\">WPML es adecuado tanto para grandes sitios corporativos como para blogs personales, y ya ha ayudado a hacer multiling\u00fce a mas de 500.000 sitios comerciales en todo el mundo.<\/p>\n<p dir=\"ltr\">M\u00e1s informaci\u00f3n en:<a href=\"http:\/\/wpml.org\/\" target=\"_blank\" rel=\"nofollow\"> WPML.org<\/a><\/p>\n<p dir=\"ltr\">Contratamos talento.\u00a0 Si eres un programador creativo, te invitamos a contactarnos: \u00a0<a href=\"http:\/\/wpml.org\/home\/were-hiring\/\" target=\"_blank\" rel=\"nofollow\">http:\/\/wpml.org\/home\/were-h<\/a><a href=\"http:\/\/wpml.org\/home\/were-hiring\/\" target=\"_blank\" rel=\"nofollow\">iring\/<\/a><\/p>\n<\/div>\n\t\t\t\t\t\t\t\t\t\t\t\t\t<\/div>\n\t\t\t\t\t<\/div><!-- #sponsor -->\n\t\t\t\t\n\t\t\t\t\t<div id=\"wcorg-sponsor-174\" class=\"wcorg-sponsor\">\n\t\t\t\t\t\t\t\t\t\t\t\t\t\t\t\t\t\t\t\t\t<h3>\n\t\t\t\t\t\t\t\t\tPlesk\t\t\t\t\t\t\t\t<\/h3>\n\t\t\t\t\t\t\t\t\t\t\t\t\t\n\t\t\t\t\t\t<div class=\"wcorg-sponsor-description\">\n\t\t\t\t\t\t\t\t\t\t\t\t\t\t\t<img loading=\"lazy\" decoding=\"async\" width=\"501\" height=\"281\" src=\"https:\/\/winnipeg.wordcamp.org\/2016\/files\/2016\/05\/plesk_logo_positive_rgb.png\" class=\"attachment-wcb-sponsor-logo-horizontal-2x size-wcb-sponsor-logo-horizontal-2x wp-post-image\" alt=\"Plesk\" srcset=\"https:\/\/winnipeg.wordcamp.org\/2016\/files\/2016\/05\/plesk_logo_positive_rgb.png 501w, https:\/\/winnipeg.wordcamp.org\/2016\/files\/2016\/05\/plesk_logo_positive_rgb-300x168.png 300w, https:\/\/winnipeg.wordcamp.org\/2016\/files\/2016\/05\/plesk_logo_positive_rgb-500x280.png 500w\" sizes=\"auto, (max-width: 501px) 100vw, 501px\" \/>\t\t\t\t\t\t\t\n\t\t\t\t\t\t\t\t\t\t\t\t\t\t\t<p><a href=\"https:\/\/www.plesk.com\/\" rel=\"nofollow\">Plesk<\/a> simplifies web management activities to align with the way infrastructure is used today for hosting websites and web applications. A widely used web management solution, Plesk provides everything a web professional needs to set up a website quickly and securely \u2013 including a WordPress Toolkit, an easy-to-navigate control panel, server level automation, supportability tools, and complete protection with our server-to-site security core.<\/p>\n\t\t\t\t\t\t\t\t\t\t\t\t\t<\/div>\n\t\t\t\t\t<\/div><!-- #sponsor -->\n\t\t\t\t\n\t\t\t\t\t<div id=\"wcorg-sponsor-178\" class=\"wcorg-sponsor\">\n\t\t\t\t\t\t\t\t\t\t\t\t\t\t\t\t\t\t\t\t\t<h3>\n\t\t\t\t\t\t\t\t\tDreamHost\t\t\t\t\t\t\t\t<\/h3>\n\t\t\t\t\t\t\t\t\t\t\t\t\t\n\t\t\t\t\t\t<div class=\"wcorg-sponsor-description\">\n\t\t\t\t\t\t\t\t\t\t\t\t\t\t\t<img loading=\"lazy\" decoding=\"async\" width=\"1038\" height=\"576\" src=\"https:\/\/winnipeg.wordcamp.org\/2016\/files\/2016\/05\/dreamhost.png\" class=\"attachment-wcb-sponsor-logo-horizontal-2x size-wcb-sponsor-logo-horizontal-2x wp-post-image\" alt=\"DreamHost\" srcset=\"https:\/\/winnipeg.wordcamp.org\/2016\/files\/2016\/05\/dreamhost.png 1038w, https:\/\/winnipeg.wordcamp.org\/2016\/files\/2016\/05\/dreamhost-300x166.png 300w, https:\/\/winnipeg.wordcamp.org\/2016\/files\/2016\/05\/dreamhost-768x426.png 768w, https:\/\/winnipeg.wordcamp.org\/2016\/files\/2016\/05\/dreamhost-1024x568.png 1024w, https:\/\/winnipeg.wordcamp.org\/2016\/files\/2016\/05\/dreamhost-500x277.png 500w\" sizes=\"auto, (max-width: 1038px) 100vw, 1038px\" \/>\t\t\t\t\t\t\t\n\t\t\t\t\t\t\t\t\t\t\t\t\t\t\t<p>DreamHost is a global Web hosting and cloud services provider with over 350,000 customers and 1.2 million blogs, websites and apps hosted. The company offers a wide spectrum of Web hosting and cloud services including Shared Hosting, Virtual Private Servers (VPS), Dedicated Server Hosting, Domain Name Registration, the cloud storage service, DreamObjects, and the cloud computing service DreamCompute. More information can be found at \u00a0<a href=\"http:\/\/dreamhost.com\" rel=\"nofollow\">http:\/\/dreamhost.com<\/a>.<\/p>\n<p>&nbsp;<\/p>\n<p>&nbsp;<\/p>\n\t\t\t\t\t\t\t\t\t\t\t\t\t<\/div>\n\t\t\t\t\t<\/div><!-- #sponsor -->\n\t\t\t\t\t\t\t<\/div><!-- .wcorg-sponsor-level -->\n\t\t\n\t\t\t<div class=\"wcorg-sponsor-level-gold\">\n\t\t\t\t<h2>Gold<\/h2>\n\n\t\t\t\t\n\t\t\t\t\t<div id=\"wcorg-sponsor-184\" class=\"wcorg-sponsor\">\n\t\t\t\t\t\t\t\t\t\t\t\t\t\t\t\t\t\t\t\t\t<h3>\n\t\t\t\t\t\t\t\t\tWooCommerce\t\t\t\t\t\t\t\t<\/h3>\n\t\t\t\t\t\t\t\t\t\t\t\t\t\n\t\t\t\t\t\t<div class=\"wcorg-sponsor-description\">\n\t\t\t\t\t\t\t\t\t\t\t\t\t\t\t<img loading=\"lazy\" decoding=\"async\" width=\"432\" height=\"87\" src=\"https:\/\/winnipeg.wordcamp.org\/2016\/files\/2016\/05\/woocommerce_logo.png\" class=\"attachment-wcb-sponsor-logo-horizontal-2x size-wcb-sponsor-logo-horizontal-2x wp-post-image\" alt=\"WooCommerce\" srcset=\"https:\/\/winnipeg.wordcamp.org\/2016\/files\/2016\/05\/woocommerce_logo.png 432w, https:\/\/winnipeg.wordcamp.org\/2016\/files\/2016\/05\/woocommerce_logo-300x60.png 300w\" sizes=\"auto, (max-width: 432px) 100vw, 432px\" \/>\t\t\t\t\t\t\t\n\t\t\t\t\t\t\t\t\t\t\t\t\t\t\t<p>WooCommerce is the fastest growing eCommerce software\/platform, powering over 30% of all eCommerce stores with over 1 million active installations. It is is built to integrate seamlessly with WordPress, making it the obvious eCommerce choice for existing WordPress users and connects you to the fast-growing WordPress ecosystem which now powers over 25% of all websites on the internet.<\/p>\n<p>With WooCommerce you can start with all the basic tools that any small business would need to start selling online, including product setup, payments, shipping options, and sales reports and as your business grows choose from over 300 premium add-ons available including additional payment processors, shipping methods, inventory systems and marketing tools anyone to sell anything, anywhere from real products and digital downloads to subscriptions, content and even your time.<\/p>\n<p>In July 2015, WooCommerce was acquired by Automattic, the creators of <a href=\"https:\/\/wordpress.com\" target=\"_blank\" rel=\"nofollow\">WordPress.com<\/a> which serves more than 15.8 billion pages a month and also the creators of other popular WordPress services including Akismet, Jetpack, and VaultPress. We look forward to growing WooCommerce to achieve even greater things together with Automattic.<\/p>\n\t\t\t\t\t\t\t\t\t\t\t\t\t<\/div>\n\t\t\t\t\t<\/div><!-- #sponsor -->\n\t\t\t\t\n\t\t\t\t\t<div id=\"wcorg-sponsor-186\" class=\"wcorg-sponsor\">\n\t\t\t\t\t\t\t\t\t\t\t\t\t\t\t\t\t\t\t\t\t<h3>\n\t\t\t\t\t\t\t\t\tJetpack\t\t\t\t\t\t\t\t<\/h3>\n\t\t\t\t\t\t\t\t\t\t\t\t\t\n\t\t\t\t\t\t<div class=\"wcorg-sponsor-description\">\n\t\t\t\t\t\t\t\t\t\t\t\t\t\t\t<img loading=\"lazy\" decoding=\"async\" width=\"1200\" height=\"420\" src=\"https:\/\/winnipeg.wordcamp.org\/2016\/files\/2016\/05\/jetpack-horizontal-white-bg.png\" class=\"attachment-wcb-sponsor-logo-horizontal-2x size-wcb-sponsor-logo-horizontal-2x wp-post-image\" alt=\"Jetpack\" srcset=\"https:\/\/winnipeg.wordcamp.org\/2016\/files\/2016\/05\/jetpack-horizontal-white-bg.png 1200w, https:\/\/winnipeg.wordcamp.org\/2016\/files\/2016\/05\/jetpack-horizontal-white-bg-300x105.png 300w, https:\/\/winnipeg.wordcamp.org\/2016\/files\/2016\/05\/jetpack-horizontal-white-bg-768x269.png 768w, https:\/\/winnipeg.wordcamp.org\/2016\/files\/2016\/05\/jetpack-horizontal-white-bg-1024x358.png 1024w, https:\/\/winnipeg.wordcamp.org\/2016\/files\/2016\/05\/jetpack-horizontal-white-bg-500x175.png 500w\" sizes=\"auto, (max-width: 1200px) 100vw, 1200px\" \/>\t\t\t\t\t\t\t\n\t\t\t\t\t\t\t\t\t\t\t\t\t\t\t<p>Jetpack is a free WordPress plugin that simplifies managing your sites. This single plugin enables Photon (a global CDN for images), uptime monitoring, brute force protection, traffic-boosting tools, single sign on, multiple-site management, and automatic or bulk plugin updates. Additionally Jetpack includes several features that help you customize the look and feel of your site without installing other tools. More information can be found at <a href=\"http:\/\/jetpack.me\/\" rel=\"nofollow\">jetpack.com<\/a>.<\/p>\n\t\t\t\t\t\t\t\t\t\t\t\t\t<\/div>\n\t\t\t\t\t<\/div><!-- #sponsor -->\n\t\t\t\t\n\t\t\t\t\t<div id=\"wcorg-sponsor-188\" class=\"wcorg-sponsor\">\n\t\t\t\t\t\t\t\t\t\t\t\t\t\t\t\t\t\t\t\t\t<h3>\n\t\t\t\t\t\t\t\t\tBluehost\t\t\t\t\t\t\t\t<\/h3>\n\t\t\t\t\t\t\t\t\t\t\t\t\t\n\t\t\t\t\t\t<div class=\"wcorg-sponsor-description\">\n\t\t\t\t\t\t\t\t\t\t\t\t\t\t\t<img loading=\"lazy\" decoding=\"async\" width=\"651\" height=\"137\" src=\"https:\/\/winnipeg.wordcamp.org\/2016\/files\/2016\/05\/bh_logo_2015.png\" class=\"attachment-wcb-sponsor-logo-horizontal-2x size-wcb-sponsor-logo-horizontal-2x wp-post-image\" alt=\"Bluehost\" srcset=\"https:\/\/winnipeg.wordcamp.org\/2016\/files\/2016\/05\/bh_logo_2015.png 651w, https:\/\/winnipeg.wordcamp.org\/2016\/files\/2016\/05\/bh_logo_2015-300x63.png 300w, https:\/\/winnipeg.wordcamp.org\/2016\/files\/2016\/05\/bh_logo_2015-500x105.png 500w\" sizes=\"auto, (max-width: 651px) 100vw, 651px\" \/>\t\t\t\t\t\t\t\n\t\t\t\t\t\t\t\t\t\t\t\t\t\t\t<p><a href=\"https:\/\/www.bluehost.com\/\" rel=\"nofollow\">Bluehost<\/a> has been a WordPress partner since 2005 and powers over 1 million WordPress sites worldwide. Their objective is to help customers, whether novice or pro, create a thriving online presence at an affordable price. With a team of in-house tech experts available 24\/7, Bluehost dedicates time and resources to providing the best support and services in the industry. Join millions of other site owners and see what Bluehost can do for you and your online presence.<\/p>\n\t\t\t\t\t\t\t\t\t\t\t\t\t<\/div>\n\t\t\t\t\t<\/div><!-- #sponsor -->\n\t\t\t\t\n\t\t\t\t\t<div id=\"wcorg-sponsor-237\" class=\"wcorg-sponsor\">\n\t\t\t\t\t\t\t\t\t\t\t\t\t\t\t\t\t\t\t\t\t<h3>\n\t\t\t\t\t\t\t\t\tBoldGrid\t\t\t\t\t\t\t\t<\/h3>\n\t\t\t\t\t\t\t\t\t\t\t\t\t\n\t\t\t\t\t\t<div class=\"wcorg-sponsor-description\">\n\t\t\t\t\t\t\t\t\t\t\t\t\t\t\t<img loading=\"lazy\" decoding=\"async\" width=\"200\" height=\"28\" src=\"https:\/\/winnipeg.wordcamp.org\/2016\/files\/2016\/07\/boldGrid-transparent-lockup-2a.png\" class=\"attachment-wcb-sponsor-logo-horizontal-2x size-wcb-sponsor-logo-horizontal-2x wp-post-image\" alt=\"BoldGrid\" \/>\t\t\t\t\t\t\t\n\t\t\t\t\t\t\t\t\t\t\t\t\t\t\t<p>BoldGrid is a website builder powered by WordPress. It is a free set of WordPress plugins, themes, and other content that allows site creation and management similar to non-WordPress website builders. By placing WordPress more in line with DIY site builder solutions on the market, our mission is not only to make WordPress more accessible and easy for beginners to utilize, but also automate and streamline typical WordPress tasks to provide a fast, creator-friendly platform that even web professionals will appreciate.<\/p>\n<p>Experience WordPress as a website builder, including: free pre-built themes, drag and drop editing, integrated image banks, simplified photo editing, built-in staging, automated backups, and so much more.<\/p>\n<p>BoldGrid will have you creating professional looking WordPress sites in minutes!<\/p>\n<p><a href=\"http:\/\/www.boldgrid.com\" target=\"_blank\" rel=\"nofollow\">www.boldgrid.com<\/a><\/p>\n\t\t\t\t\t\t\t\t\t\t\t\t\t<\/div>\n\t\t\t\t\t<\/div><!-- #sponsor -->\n\t\t\t\t\t\t\t<\/div><!-- .wcorg-sponsor-level -->\n\t\t\n\t\t\t<div class=\"wcorg-sponsor-level-partner\">\n\t\t\t\t<h2>Partner<\/h2>\n\n\t\t\t\t\n\t\t\t\t\t<div id=\"wcorg-sponsor-295\" class=\"wcorg-sponsor\">\n\t\t\t\t\t\t\t\t\t\t\t\t\t\t\t\t\t\t\t\t\t<h3>\n\t\t\t\t\t\t\t\t\tNew Media Manitoba\t\t\t\t\t\t\t\t<\/h3>\n\t\t\t\t\t\t\t\t\t\t\t\t\t\n\t\t\t\t\t\t<div class=\"wcorg-sponsor-description\">\n\t\t\t\t\t\t\t\t\t\t\t\t\t\t\t<img loading=\"lazy\" decoding=\"async\" width=\"744\" height=\"265\" src=\"https:\/\/winnipeg.wordcamp.org\/2016\/files\/2016\/09\/NMM-Logo-2.jpg\" class=\"attachment-wcb-sponsor-logo-horizontal-2x size-wcb-sponsor-logo-horizontal-2x wp-post-image\" alt=\"New Media Manitoba\" srcset=\"https:\/\/winnipeg.wordcamp.org\/2016\/files\/2016\/09\/NMM-Logo-2.jpg 744w, https:\/\/winnipeg.wordcamp.org\/2016\/files\/2016\/09\/NMM-Logo-2-300x107.jpg 300w, https:\/\/winnipeg.wordcamp.org\/2016\/files\/2016\/09\/NMM-Logo-2-500x178.jpg 500w\" sizes=\"auto, (max-width: 744px) 100vw, 744px\" \/>\t\t\t\t\t\t\t\n\t\t\t\t\t\t\t\t\t\t\t\t\t\t\t<p>New Media Manitoba (NMM) is a non-profit association of interactive digital media professionals that provides training and economic development to new media businesses and freelancers. Comprised of over 1100-members, NMM fosters an environment of \u201cexchange\u201d where people make connections and collaborate on products and services related to the interactive digital media industry.<\/p>\n<p>NMM was originally founded in September of 2000. It is their ongoing mandate to ensure the Manitoba New Media industry has access to inexpensive and relevant support that addresses industry skill gaps and improves economic development. To date NMM has helped foster over 12 million dollars in new jobs and projects for Manitoba digital media companies.<\/p>\n<p><strong>NOTE:\u00a0<\/strong>NMM is a partner. Due to the structure of our website they are listed under sponsor. However, their contributions include networking, resource sharing, and strategic planning.<\/p>\n\t\t\t\t\t\t\t\t\t\t\t\t\t<\/div>\n\t\t\t\t\t<\/div><!-- #sponsor -->\n\t\t\t\t\t\t\t<\/div><!-- .wcorg-sponsor-level -->\n\t\t\n\t\t\t<div class=\"wcorg-sponsor-level-silver\">\n\t\t\t\t<h2>Silver<\/h2>\n\n\t\t\t\t\n\t\t\t\t\t<div id=\"wcorg-sponsor-20\" class=\"wcorg-sponsor\">\n\t\t\t\t\t\t\t\t\t\t\t\t\t\t\t\t\t\t\t\t\t<h3>\n\t\t\t\t\t\t\t\t\tPantheon\t\t\t\t\t\t\t\t<\/h3>\n\t\t\t\t\t\t\t\t\t\t\t\t\t\n\t\t\t\t\t\t<div class=\"wcorg-sponsor-description\">\n\t\t\t\t\t\t\t\t\t\t\t\t\t\t\t\t\t\t\t\t\t\t\n\t\t\t\t\t\t\t\t\t\t\t\t\t\t\t<p>Pantheon puts the power of the Internet in the hands of developers and DevOps teams, delivering\u00a0<a href=\"https:\/\/pantheon.io\/features\/elastic-hosting\" target=\"_blank\" rel=\"nofollow\">rock solid hosting<\/a>\u00a0along with the most complete platform for professional website creation. We\u2019ve built the world\u2019s best website management platform\u2014one that gives web teams all of the\u00a0<a href=\"https:\/\/pantheon.io\/features\" target=\"_blank\" rel=\"nofollow\">developer tools<\/a>, hosting, scaling, performance, workflow, and automation they need to build the best websites in the world. Pantheon powers\u00a0<a href=\"https:\/\/pantheon.io\/customers\" target=\"_blank\" rel=\"nofollow\">150,000 websites<\/a>, serving billions of page views per month.<\/p>\n<p>For more information, visit\u00a0<a href=\"https:\/\/pantheon.io\/\" target=\"_blank\" rel=\"nofollow\">www.pantheon.io<\/a>.<\/p>\n\t\t\t\t\t\t\t\t\t\t\t\t\t<\/div>\n\t\t\t\t\t<\/div><!-- #sponsor -->\n\t\t\t\t\n\t\t\t\t\t<div id=\"wcorg-sponsor-180\" class=\"wcorg-sponsor\">\n\t\t\t\t\t\t\t\t\t\t\t\t\t\t\t\t\t\t\t\t\t<h3>\n\t\t\t\t\t\t\t\t\tPantheon\t\t\t\t\t\t\t\t<\/h3>\n\t\t\t\t\t\t\t\t\t\t\t\t\t\n\t\t\t\t\t\t<div class=\"wcorg-sponsor-description\">\n\t\t\t\t\t\t\t\t\t\t\t\t\t\t\t<img loading=\"lazy\" decoding=\"async\" width=\"438\" height=\"139\" src=\"https:\/\/winnipeg.wordcamp.org\/2016\/files\/2016\/05\/Pantheon_Tag_Color_clear.png\" class=\"attachment-wcb-sponsor-logo-horizontal-2x size-wcb-sponsor-logo-horizontal-2x wp-post-image\" alt=\"Pantheon\" srcset=\"https:\/\/winnipeg.wordcamp.org\/2016\/files\/2016\/05\/Pantheon_Tag_Color_clear.png 438w, https:\/\/winnipeg.wordcamp.org\/2016\/files\/2016\/05\/Pantheon_Tag_Color_clear-300x95.png 300w\" sizes=\"auto, (max-width: 438px) 100vw, 438px\" \/>\t\t\t\t\t\t\t\n\t\t\t\t\t\t\t\t\t\t\t\t\t\t\t<p>The website management platform for Drupal &amp; WordPress, <a href=\"https:\/\/pantheon.io\/\" target=\"_blank\" rel=\"nofollow\">Pantheon<\/a> provides web teams with the hosting, cloud-based developer tools, and scalable infrastructure needed to run awesome websites. Serving billions of pageviews a month for over 100,000 websites, Pantheon\u2019s container-based infrastructure allows you to launch websites faster, without worrying about traffic spikes, security or performance. It\u2019s free in development. Create your <a href=\"https:\/\/dashboard.pantheon.io\/register\" target=\"_blank\" rel=\"nofollow\">free account<\/a> now!<\/p>\n\t\t\t\t\t\t\t\t\t\t\t\t\t<\/div>\n\t\t\t\t\t<\/div><!-- #sponsor -->\n\t\t\t\t\n\t\t\t\t\t<div id=\"wcorg-sponsor-182\" class=\"wcorg-sponsor\">\n\t\t\t\t\t\t\t\t\t\t\t\t\t\t\t\t\t\t\t\t\t<h3>\n\t\t\t\t\t\t\t\t\tGoDaddy\t\t\t\t\t\t\t\t<\/h3>\n\t\t\t\t\t\t\t\t\t\t\t\t\t\n\t\t\t\t\t\t<div class=\"wcorg-sponsor-description\">\n\t\t\t\t\t\t\t\t\t\t\t\t\t\t\t<img loading=\"lazy\" decoding=\"async\" width=\"6000\" height=\"1687\" src=\"https:\/\/winnipeg.wordcamp.org\/2016\/files\/2016\/05\/GoDaddy_Pro.png\" class=\"attachment-wcb-sponsor-logo-horizontal-2x size-wcb-sponsor-logo-horizontal-2x wp-post-image\" alt=\"GoDaddy\" srcset=\"https:\/\/winnipeg.wordcamp.org\/2016\/files\/2016\/05\/GoDaddy_Pro.png 6000w, https:\/\/winnipeg.wordcamp.org\/2016\/files\/2016\/05\/GoDaddy_Pro-300x84.png 300w, https:\/\/winnipeg.wordcamp.org\/2016\/files\/2016\/05\/GoDaddy_Pro-768x216.png 768w, https:\/\/winnipeg.wordcamp.org\/2016\/files\/2016\/05\/GoDaddy_Pro-1024x288.png 1024w, https:\/\/winnipeg.wordcamp.org\/2016\/files\/2016\/05\/GoDaddy_Pro-500x141.png 500w\" sizes=\"auto, (max-width: 6000px) 100vw, 6000px\" \/>\t\t\t\t\t\t\t\n\t\t\t\t\t\t\t\t\t\t\t\t\t\t\t<p>GoDaddy&#8217;s mission is to radically shift the global economy toward small businesses by empowering people to easily start, confidently grow and successfully run their own ventures. With more than 12 million customers worldwide and 57 million domain names under management, <a href=\"https:\/\/www.godaddy.com\/pro\" rel=\"nofollow\">GoDaddy<\/a> gives small business owners the tools to name their idea, build a beautiful online presence, attract customers and manage their business.<\/p>\n\t\t\t\t\t\t\t\t\t\t\t\t\t<\/div>\n\t\t\t\t\t<\/div><!-- #sponsor -->\n\t\t\t\t\t\t\t<\/div><!-- .wcorg-sponsor-level -->\n\t\t\t<\/div><!-- .wcorg-sponsors -->\n\n\t\n<h3>Interested in sponsoring WordCamp this year?<\/h3>\n<p>Check out our <a href=\"\/call-for-sponsors\" rel=\"nofollow\">Call for Sponsors<\/a> post for details on how you can help make this year&#8217;s WordCamp the best it can be!<\/p>\n","protected":false},"excerpt":{"rendered":"<p>Our Sponsors Thanks to all the below sponsors for making WordCamp Winnipeg happen! Interested in sponsoring WordCamp this year? Check out our Call for Sponsors post for details on how you can help make this year&#8217;s WordCamp the best it can be!<\/p>\n","protected":false},"author":11518474,"featured_media":0,"parent":0,"menu_order":0,"comment_status":"closed","ping_status":"closed","template":"","meta":{"jetpack_post_was_ever_published":false,"footnotes":""},"class_list":["post-10","page","type-page","status-publish","hentry"],"jetpack_sharing_enabled":true,"jetpack_shortlink":"https:\/\/wp.me\/P7d0mD-a","_links":{"self":[{"href":"https:\/\/winnipeg.wordcamp.org\/2016\/wp-json\/wp\/v2\/pages\/10","targetHints":{"allow":["GET"]}}],"collection":[{"href":"https:\/\/winnipeg.wordcamp.org\/2016\/wp-json\/wp\/v2\/pages"}],"about":[{"href":"https:\/\/winnipeg.wordcamp.org\/2016\/wp-json\/wp\/v2\/types\/page"}],"author":[{"embeddable":true,"href":"https:\/\/winnipeg.wordcamp.org\/2016\/wp-json\/wp\/v2\/users\/11518474"}],"replies":[{"embeddable":true,"href":"https:\/\/winnipeg.wordcamp.org\/2016\/wp-json\/wp\/v2\/comments?post=10"}],"version-history":[{"count":1,"href":"https:\/\/winnipeg.wordcamp.org\/2016\/wp-json\/wp\/v2\/pages\/10\/revisions"}],"predecessor-version":[{"id":203,"href":"https:\/\/winnipeg.wordcamp.org\/2016\/wp-json\/wp\/v2\/pages\/10\/revisions\/203"}],"wp:attachment":[{"href":"https:\/\/winnipeg.wordcamp.org\/2016\/wp-json\/wp\/v2\/media?parent=10"}],"curies":[{"name":"wp","href":"https:\/\/api.w.org\/{rel}","templated":true}]}}